
54
What is the greatest common factor of 19 and 2394019?
19
What is the highest common factor of 6754 and 4?
2
Calculate the greatest common divisor of 360 and 70425.
45
Calculate the highest common factor of 2970864 and 864.
432
What is the highest common factor of 47 and 404059?
47
Calculate the greatest common factor of 93 and 36859.
31
Calculate the greatest common factor of 252296 and 15510.
1034
Calculate the highest common divisor of 52 and 210574.
26
Calculate the highest common factor of 274896 and 31464.
1656
What is the highest common divisor of 11660 and 7685?
265
What is the highest common divisor of 1463140 and 980?
980
What is the highest common divisor of 756 and 4186917?
189
Calculate the highest common divisor of 28 and 16163.
7
What is the highest common divisor of 1696 and 25904?
16
Calculate the greatest common factor of 3599 and 15677.
61
What is the greatest common divisor of 2764931 and 663?
221
What is the highest common divisor of 1965 and 18435?
15
Calculate the highest common factor of 197610 and 210.
210
What is the highest common factor of 10 and 27635?
5
Calculate the greatest common factor of 4 and 86356.
4
What is the highest common factor of 39476 and 8?
4
Calculate the highest common factor of 16 and 136336.
16
Calculate the greatest common divisor of 3360 and 415.
5
What is the greatest common factor of 10 and 68990?
10
What is the greatest common divisor of 288 and 63?
9
Calculate the highest common divisor of 503 and 155930.
503
Calculate the highest common factor of 180 and 2710.
10
Calculate the greatest common factor of 201 and 28161.
3
Calculate the greatest common divisor of 87097 and 251.
251
What is the greatest common divisor of 6195 and 2646?
21
Calculate the greatest common divisor of 6984 and 3880.
776
Calculate the greatest common divisor of 19762 and 290646.
482
Calculate the highest common factor of 456 and 388.
4
Calculate the highest common factor of 540 and 82680.
60
What is the highest common divisor of 644301 and 63?
63
Calculate the greatest common divisor of 2627 and 42316.
71
Calculate the highest common factor of 1660 and 1826.
166
Calculate the highest common divisor of 952 and 138397.
119
Calculate the highest common factor of 22 and 1356718.
22
What is the highest common divisor of 31940 and 80?
20
What is the greatest common divisor of 199200 and 288?
96
Calculate the greatest common factor of 1710954 and 222.
222
Calculate the greatest common divisor of 750 and 350.
50
What is the highest common divisor of 63 and 639?
9
Calculate the highest common factor of 627 and 456.
57
Calculate the greatest common divisor of 5 and 93290.
5
What is the greatest common divisor of 1386894 and 408?
102
What is the greatest common divisor of 30 and 245470?
10
Calculate the highest common factor of 207 and 3969639.
207
What is the highest common factor of 250976 and 3069?
341
What is the greatest common factor of 9444 and 312?
12
Calculate the highest common divisor of 36 and 2385.
9
What is the greatest common divisor of 143179 and 201?
67
Calculate the highest common divisor of 6 and 69182.
2
Calculate the highest common factor of 11948 and 8932.
116
Calculate the highest common factor of 300591 and 486.
243
Calculate the greatest common factor of 80734 and 111.
37
Calculate the highest common factor of 129551 and 4771.
367
What is the greatest common factor of 4300 and 817?
43
What is the greatest common factor of 20661 and 213?
213
What is the greatest common divisor of 8456 and 56?
56
Calculate the highest common divisor of 490796 and 1624.
116
Calculate the greatest common divisor of 30 and 44130.
30
Calculate the highest common factor of 7368 and 7800.
24
What is the highest common divisor of 66 and 137118?
6
What is the highest common factor of 4 and 22492?
4
Calculate the greatest common divisor of 3999174 and 6.
6
What is the greatest common divisor of 4147 and 47125?
377
Calculate the greatest common divisor of 239401 and 8.
1
Calculate the greatest common factor of 33 and 14267.
11
Calculate the greatest common factor of 3716 and 504447.
929
What is the highest common divisor of 288 and 411456?
96
What is the greatest common factor of 124415 and 24382?
167
Calculate the highest common factor of 235740 and 2010.
30
Calculate the greatest common factor of 300 and 1541820.
60
What is the highest common factor of 3160 and 1101655?
395
Calculate the greatest common divisor of 1057850 and 25.
25
Calculate the greatest common divisor of 6698 and 9259.
197
What is the greatest common factor of 63951 and 48?
3
What is the highest common divisor of 42 and 77448?
42
Calculate the greatest common divisor of 748 and 4896.
68
Calculate the greatest common factor of 143 and 61919.
143
Calculate the greatest common factor of 905500 and 1375.
125
Calculate the greatest common divisor of 1041 and 131513.
347
What is the highest common divisor of 1539612 and 36?
36
Calculate the highest common divisor of 17777 and 48427.
613
Calculate the highest common factor of 16997 and 897.
23
What is the greatest common divisor of 18538 and 276?
46
Calculate the greatest common factor of 4530 and 180898.
302
Calculate the greatest common divisor of 195 and 10023.
39
What is the greatest common factor of 1743816 and 4520?
904
What is the greatest common factor of 80456 and 1469?
113
Calculate the highest common divisor of 899 and 58.
29
Calculate the greatest common divisor of 2 and 455038.
2
Calculate the highest common factor of 1519 and 98611.
31
Calculate the greatest common divisor of 23199 and 304.
19
What is the greatest common divisor of 10032 and 1716?
132
Calculate the greatest common divisor of 102 and 618732.
102
What is the highest common factor of 28994 and 1064?
266
What is the greatest common factor of 200330 and 184?
46
Calculate the highest common divisor of 5049 and 3740.
187
Calculate the highest common divisor of 275 and 1083025.
25
Calculate the highest common factor of 90 and 2026260.
90
What is the highest common factor of 255 and 69?
3
What is the highest common divisor of 527 and 11408?
31
Calculate the highest common factor of 169389 and 232.
29
Calculate the highest common factor of 2305746 and 86.
86
Calculate the greatest common divisor of 13287 and 1935.
129
Calculate the greatest common factor of 15810738 and 254.
254
Calculate the greatest common factor of 8023 and 7.
1
What is the highest common divisor of 1560460 and 44?
44
Calculate the highest common factor of 26 and 1420874.
26
Calculate the highest common factor of 276926 and 286.
26
What is the highest common divisor of 121 and 36619?
11
Calculate the greatest common factor of 21629 and 301.
43
Calculate the highest common divisor of 757691 and 44.
11
Calculate the highest common divisor of 1059515 and 1595.
145
Calculate the highest common divisor of 21864 and 10356.
12
Calculate the highest common factor of 962 and 62678.
74
What is the greatest common factor of 440937 and 36?
9
What is the highest common divisor of 64 and 33712?
16
What is the greatest common factor of 108548 and 176?
44
Calculate the highest common divisor of 92 and 103546.
46
Calculate the greatest common divisor of 3741 and 10535.
43
What is the highest common factor of 2723 and 91?
7
What is the greatest common divisor of 43010 and 289?
17
Calculate the highest common factor of 332021 and 87.
29
What is the greatest common divisor of 159 and 167056?
53
What is the greatest common divisor of 4805 and 3125?
5
Calculate the greatest common divisor of 58536 and 3794.
542
What is the highest common divisor of 111 and 489399?
111
Calculate the greatest common factor of 4963507 and 51.
17
What is the greatest common factor of 4552 and 392?
8
Calculate the greatest common factor of 73 and 606265.
73
Calculate the greatest common divisor of 360 and 11304.
72
What is the highest common factor of 1428 and 4494?
42
What is the highest common divisor of 3912 and 450858?
978
What is the greatest common divisor of 594 and 222178?
22
Calculate the highest common divisor of 5248 and 1292976.
656
Calculate the highest common divisor of 28810 and 402.
134
What is the greatest common factor of 54 and 34416?
18
Calculate the greatest common divisor of 32380 and 244.
